visor of 44776370 and 20?
10
Calculate the greatest common factor of 2125014 and 6.
6
Calculate the greatest common divisor of 11918 and 1097117449.
5959
What is the greatest common divisor of 7192800 and 139482?
486
What is the highest common divisor of 37064584 and 7832?
712
What is the highest common divisor of 1353 and 1075184?
451
Calculate the highest common divisor of 9710112 and 31488.
3936
What is the highest common factor of 17920 and 13272?
56
What is the highest common divisor of 5455419 and 68?
17
What is the greatest common divisor of 104208 and 962832?
624
What is the greatest common factor of 14616 and 595791?
63
Calculate the highest common factor of 16016 and 124498.
22
Calculate the highest common factor of 24459555 and 361.
361
Calculate the highest common divisor of 3023695 and 15.
5
Calculate the greatest common factor of 223934 and 1883204.
2698
Calculate the greatest common divisor of 7436 and 287881.
11
What is the highest common factor of 72 and 69652080?
72
What is the greatest common divisor of 44 and 2842290?
22
What is the greatest common factor of 3743839 and 2519?
11
What is the highest common factor of 13793 and 9997?
13
What is the highest common factor of 27 and 1391241?
3
What is the highest common factor of 252 and 1499868?
36
Calculate the highest common divisor of 81106 and 16408426.
758
What is the highest common factor of 100 and 41781000?
100
What is the highest common factor of 51610 and 2563826?
794
What is the greatest common factor of 1500287436 and 2521?
2521
What is the greatest common divisor of 464 and 1680463?
29
Calculate the highest common divisor of 70929 and 16578.
27
What is the greatest common divisor of 266000 and 6822200?
1400
What is the highest common factor of 83607809 and 11039?
1577
What is the greatest common factor of 857 and 2923395829?
857
What is the greatest common factor of 64601516 and 196?
28
Calculate the highest common factor of 72 and 52524810.
18
What is the highest common factor of 68818 and 131366?
38
Calculate the highest common divisor of 9020108 and 34432.
1076
Calculate the highest common divisor of 21750 and 7337.
29
Calculate the highest common divisor of 4911330 and 744.
186
Calculate the greatest common factor of 457210479 and 5127.
5127
Calculate the greatest common divisor of 5870430 and 144495.
855
Calculate the greatest common divisor of 1522037 and 53163.
1969
What is the greatest common divisor of 67574 and 3039361?
1469
Calculate the greatest common factor of 11211 and 48883899.
303
What is the greatest common factor of 33205085 and 9970?
4985
Calculate the greatest common factor of 922 and 333682403.
461
Calculate the greatest common divisor of 34 and 268926961.
17
Calculate the highest common factor of 32968932 and 1788.
1788
Calculate the greatest common factor of 13656552 and 899080.
9464
What is the highest common divisor of 1995 and 99655?
95
What is the highest common divisor of 18486810 and 165?
15
What is the highest common divisor of 24 and 4931592?
24
What is the highest common divisor of 8430 and 423887376?
1686
Calculate the highest common divisor of 189057 and 1513.
17
Calculate the greatest common divisor of 733079033 and 38.
19
What is the highest common divisor of 12172 and 273556571?
3043
What is the highest common divisor of 1638 and 3484908?
126
Calculate the greatest common factor of 195579 and 170934.
93
What is the greatest common factor of 4361873 and 835?
167
What is the highest common factor of 42160575 and 5550?
2775
What is the greatest common divisor of 2999 and 116544139?
2999
Calculate the greatest common divisor of 31306 and 10903026.
2846
Calculate the greatest common divisor of 50196888 and 1428.
84
What is the highest common divisor of 10549 and 2446213?
77
What is the greatest common divisor of 48510 and 135496515?
8085
Calculate the highest common divisor of 1588 and 260533632.
1588
Calculate the greatest common divisor of 2488265 and 39.
13
Calculate the highest common factor of 6586286 and 37044.
686
Calculate the highest common divisor of 15 and 2294561085.
15
Calculate the greatest common divisor of 2054 and 33729761.
1027
What is the greatest common factor of 9431804 and 18496?
1156
Calculate the highest common divisor of 2147974 and 306.
2
Calculate the greatest common factor of 288113720 and 120.
40
What is the highest common factor of 592 and 1408304?
16
Calculate the greatest common divisor of 42 and 150400194.
42
What is the greatest common divisor of 3743 and 57725334?
197
Calculate the highest common factor of 1934819 and 10049.
773
What is the greatest common factor of 189912 and 42267?
579
What is the greatest common divisor of 16884 and 13690992?
84
Calculate the highest common factor of 12418 and 783874.
14
What is the highest common divisor of 575933106 and 714?
714
Calculate the highest common divisor of 25 and 3223040.
5
What is the highest common divisor of 106664 and 52952?
8
What is the greatest common divisor of 1681785 and 101080?
665
Calculate the greatest common divisor of 1072166 and 14167.
31
Calculate the greatest common divisor of 4428 and 470664.
108
What is the greatest common divisor of 1779974 and 73144?
82
Calculate the highest common factor of 221 and 57854927.
221
What is the greatest common factor of 107681717 and 143?
143
What is the greatest common factor of 4361 and 67707017?
623
What is the greatest common divisor of 281006 and 290164?
482
What is the highest common divisor of 7637 and 48205835?
1091
What is the greatest common factor of 31179265 and 2675?
535
What is the greatest common factor of 87936580 and 51?
17
What is the greatest common divisor of 11128851 and 31257?
1359
What is the highest common factor of 1147 and 1543118?
31
What is the highest common factor of 199338201 and 117?
9
What is the greatest common divisor of 385016 and 4539?
17
What is the greatest common divisor of 63188 and 2044?
4
What is the highest common factor of 123937356 and 876?
876
What is the highest common divisor of 44 and 15980602?
22
What is the greatest common divisor of 9249475 and 25?
25
Calculate the greatest common factor of 684 and 179483994.
342
Calculate the greatest common factor of 455246 and 891.
11
What is the highest common factor of 159900 and 49036?
2132
What is the highest common factor of 38 and 734284?
2
Calculate the highest common divisor of 3607379 and 1538.
769
Calculate the highest common factor of 447950 and 6925307.
8959
What is the greatest common factor of 36084 and 1075824?
372
What is the highest common divisor of 5472 and 1598679?
171
Calculate the greatest common divisor of 171268360 and 30.
10
What is the highest common divisor of 301925651 and 1306?
653
What is the highest common factor of 95874 and 348783?
1653
Calculate the greatest common divisor of 66 and 106626774.
6
Calculate the greatest common divisor of 21099 and 3286575.
1623
Calculate the greatest common divisor of 1651024 and 589.
19
Calculate the greatest common divisor of 40 and 569220980.
20
What is the highest common divisor of 5768 and 2271253?
103
Calculate the greatest common factor of 1640 and 268213800.
1640
Calculate the highest common factor of 2890412 and 672.
28
Calculate the greatest common divisor of 540958 and 5312692.
8074
Calculate the highest common divisor of 7938 and 1722889.
49
What is the highest common factor of 4039902 and 108?
54
Calculate the highest common factor of 1200 and 2566050.
150
What is the highest common divisor of 126 and 4246389?
63
What is the highest common divisor of 119 and 145662307?
119
What is the greatest common divisor of 76 and 29088?
4
What is the greatest common divisor of 323580 and 238020?
60
What is the highest common factor of 2410 and 110?
10
Calculate the greatest common factor of 9425 and 805792.
13
Calculate the highest common factor of 292 and 3863016044.
292
What is the highest common divisor of 24 and 15427416?
24
Calculate the greatest common divisor of 6252545 and 520.
65
What is the highest common divisor of 440 and 22051370?
110
Calculate the greatest common divisor of 11889 and 7176993.
3963
Calculate the greatest common factor of 288 and 295923492.
36
What is the greatest common divisor of 4881037 and 37559?
1633
Calc